- (1 - -12).
-6
(1 - 10) + (-91 - -112)
12
(20 - -3) + -9 + (8 - 9) + -9
4
What is 4 + -2 + -8 + -6 + 17?
5
What is the value of (21 - (-6 - 24)) + -34?
17
What is (-5 - (-6 + 9 + 1 + -4)) + -2?
-7
Evaluate 7 + 0 + 4 + (-46 - -9).
-26
Calculate 31 - (12 - (-8 - 2)).
9
Evaluate -30 + 93 + -15 - 23.
25
What is the value of (36 - (10 - 23)) + -40?
9
What is the value of 7 - (-2 + 1) - (-270 - -282)?
-4
What is 35 + -11 + (-11 - 4)?
9
What is (87 - 85) + -1 + -19?
-18
Calculate -9 - (71 + -84 - (-23 + -1)).
-20
Calculate (8 - 0) + (-6 - 3) + -6.
-7
What is (-10 - -1 - (-95 + 86)) + -7 + 0?
-7
What is -2 + 23 - (-11 + 1 - (-21 - -12))?
22
(-2 - (-12 - -1)) + 367 + -377
-1
22 + -38 - (-3 + -5) - (6 - 0)
-14
What is (-3 - 3 - 0 - -8) + -4?
-2
What is -10 + (5 - -7) + 0?
2
Calculate -2 - (0 + -7) - 4.
1
Calculate 9 - (9 + -3 + 13).
-10
Evaluate (-5 - -2) + (-17 + 20 - -6).
6
What is the value of -9 + (-10 - (13 + -15)) + (-2 - -27)?
8
What is the value of (7 - -5) + (-3 - -4) + -13?
0
What is the value of (2 - 11 - (24 + -18)) + 11?
-4
Calculate -4 + -1 + -3 + (123 - 128).
-13
What is -28 - (-4 - (5 - -14))?
-5
What is the value of -2 + 6 + (-39 - -28 - (9 + -4))?
-12
Calculate 62 - 48 - (-4 - 0).
18
-9 + 18 + -21 + 16
4
What is -3 + (3 + -5 - 5 - 2) + 0?
-12
-8 + -3 - -27 - (13 + -2)
5
What is the value of 12 + (-33 - (11 - 22))?
-10
What is the value of 1 + 8 + (-6 - -3 - -6)?
12
Calculate -7 + -3 + 1 + -6.
-15
What is the value of (27 - (6 - -2)) + -22?
-3
Evaluate 60 - 72 - (1 + -4 - (-3 - -1)).
-11
What is the value of -2 - (-3 - 6) - (13 - (1 - 1))?
-6
Evaluate (-12 - -14) + -1 + 0 + -3 + 3.
1
Calculate -4 + -40 + -35 + 24 + (18 - -4).
-33
19 - (-20 + (6 - -16))
17
What is 1 - (-26 + -12 + 24)?
15
Evaluate 7 - (-1 + -2) - (0 + -8).
18
What is the value of 4 - (2 + -9 + (-5 - -6))?
10
2 + 15 - (16 + -35 - -9) - 2
25
Calculate (-32 - -24) + (-1 - 4) + 1.
-12
Calculate 1 + (-2 + 7 + -2 - 0).
4
0 - -1 - (-11 - -1) - (75 - 75)
11
-3 + (-2 - 1) - -15
9
Calculate (-42 - -57) + (0 - 12).
3
What is -217 + 211 - (-35 - 9)?
38
What is 8 + 18 + -16 + -14?
-4
What is the value of -12 + (10 - (53 + -8 - 1 - 7))?
-39
Evaluate (-40 - -47) + 5 + 2.
14
0 - (0 + -2 - (18 + -21))
-1
What is the value of -3 + (6 - (4 - (-5 + 3))) + 9?
6
What is (-28 - (5 + -14)) + 12?
-7
What is 5 - ((0 + 10 - 21) + 21)?
-5
What is (12 - (-10 - -25)) + 16?
13
What is (0 - -1) + (-246 - -244)?
-1
What is the value of -4 - (-29 - -25 - -2)?
-2
What is the value of 24 + (-32 - -28) + -8?
12
What is the value of -2 + 6 + -9 + 18 + -5 + -3?
5
(-9 + (3 - -6) - 1) + -2
-3
Calculate 22 + -41 + 25 + -7.
-1
What is the value of 5 + -5 - (-5 + -4 + 2 - -3)?
4
Evaluate (-21 - -4) + 2 - (-5 + -8 - -20).
-22
What is the value of (402 - 410) + (-3 - (-1 + 0)) + 22?
12
Evaluate 40 - 8 - 35 - (-11 - 0).
8
Calculate (-33 - -22) + (-2 - -21).
8
What is -9 - ((-18 - 7) + -8)?
24
Evaluate 26 + 16 - 9 - (28 - 22).
27
What is the value of 32 + (-13 - 23) - (1 + 5)?
-10
Evaluate -14 + (-12 - (5 - 40)).
9
Evaluate (3 - -5 - 10) + 11 + -2 + 10.
17
What is -88 + 49 - (7 - 10)?
-36
What is the value of -15 - ((-11 - (-9 + -9)) + -10)?
-12
What is 2 - (4 + -1 + -2 - (-12 - -10))?
-1
Calculate 0 - 9 - (11 + -27 + 24).
-17
Calculate 14 + -1 + (-18 + 0 - -18 - -5).
18
Evaluate -16 - (24 + -11 - 45 - 11).
27
What is the value of -1 + (9 - (14 + -10)) + 4?
8
Calculate (-10 - (5 + 0 + -17)) + -1.
1
What is (15 + 12 - 51) + 5 + 2?
-17
(18 - 6) + -7 - -2
7
What is 22 + -11 + 47 + -76?
-18
Evaluate 0 - 0 - (-19 + 11 - -20) - 0.
-12
(2 - (36 + (-12 - -7))) + 10
-19
What is the value of -65 + 32 + 23 + (0 - -16) + -29?
-23
Calculate -19 + 25 + 3 + -3 + -14.
-8
What is the value of -1 - (0 - 4) - ((2 - -13) + -14)?
2
What is the value of 11 - (2 - (0 + -2 + (3 - 0)))?
10
Evaluate 3 + 9 + -21 + 53 + -25.
19
What is the value of -5 + -15 - (-81 + 37)?
24
Evaluate (-2 - -16) + -5 + (8 - -2 - 9).
10
Evaluate -13 - 3 - (-12 - (25 + -17)).
4
Calculate 5 + -46 - (-13 - (2 + 0)).
-26
What is 8 + (-3 - -1) - 9 - (-1 - -5)?
-7
Evaluate (86 - 92) + (2 - -30 - (4 + 0)).
22
11 - ((15 - (5 - (6 - 2))) + -7)
4
Calculate 5 + 17 - (4 + (7 - (-16 + 29))).
24
Evaluate -4 + 2 + -164 + 177.
11
Calculate -3689 - -3697 - (32 + (2 - 1)).
-25
What is 8 + -3 + -9 - -18?
14
(-34 + 23 - (4 + 1)) + (-1 - 10)
-27
Calculate 17 + -20 - (5 - 1 - 2).
-5
Calculate (-2 - -2 - 5 - -1) + (-5 - -13).
4
Calculate 28 + -27 - (-8 - 0).
9
(2 - -3) + (70 - 75) + -4
-4
0 - (-4 - ((-6 - -8) + (-19 - -1)))
-12
What is the value of 182 + -186 - (12 - 0)?
-16
What is the value of -34 + (-5 - -12 - -4) + 11?
-12
-8 + -28 + (30 - -30)
24
Evaluate (-445 - -452) + (4 - -5) + 2.
18
Calculate 44 + 1 + (288 - 310).
23
1 + -1 + 3 + -1 - (-68 - -65)
5
What is 6 - (-9 + (-3 - (-1 + -2 - 31)))?
-16
What is the value of -16 + 27 + -7 + -13?
-9
What is 2 - (8 + 1 - 2) - 7 - 8?
-20
Evaluate (6 - (16 - 13)) + -4 + (5 - 1).
3
What is -15 + 1 + -11 + (2 - (8 - 19))?
-12
What is -126 - -147 - (4 + 2)?
15
Evaluate -25 + 9 + 49 + (-15 - -8).
26
What is the value of -43 + -10 + (-19 - -17) + 19?
-36
Calculate 3 - 0 - -3 - (3 - -8).
-5
Evaluate (11 - 0) + (-16 + (-1 - -8) - -6).
8
What is 5 + 3 + (23 - 10)?
21
Calculate (28 - 23) + 6 + -7 + -4.
0
Calculate 3 + -2 + 1 - (-17 + -2 + 19).
2
Evaluate 0 + -1 - (101 + -105).
3
What is (2 - 6) + 3 + -31 - (-2 - 3)?
-27
(6 - 25 - -22) + 9 + (2 - 2)
12
What is -2 - ((-1 - -5 - 11) + 15)?
-10
Calculate (-1 - (-1 - 22)) + -4 + (-15 - -16).
19
Calculate -33 - (-36 - -23) - (-4 + -1).
-15
(1 + 5 - -8 - 6) + -1
7
What is the value of 11 + (1 + -8 - -9) + -9 + 27?
31
What is (-38 - -78 - 62) + 46?
24
What is the value of 9 - (-4 + (5 - (-5 + 14 + -6)))?
11
What is the value of (-14 - (-1 - -1)) + (-3 - -5)?
-12
Calculate 2 + -3 - ((-19 - (-11 + 5)) + 21).
-9
Calculate -14 - -23 - -14 - 55.
-32
What is the value of 0 + 0 + 19 + (-695 - -666)?
-10
What is the value of 31 + (-17 - ((2 - 2) + (24 - 30)))?
20
(5 - 5) + (93 - 77)
16
What is the value of -20 + 2 + 11 + 20 + 2 + 7?
22
What is the value of (10 - -2) + (9 - 4) + (-7 - -1)?
11
(22 + -30 - 1) + (4 - 2) + 6
-1
Calculate -7 - (-19 + -10 + 6 + 9 - 0).
7
(3 - (9 - (7 + -11))) + -4
-14
What is the value of 13 + -3 + (-1 - 11) + -15?
-17
Evaluate (3 - 17) + -8 + 18.
-4
(-2 - (0 - -7) - (-4 + -1)) + -7
-11
What is (-79 - -72) + 16 + 10?
19
What is the value of -2 + -4 + 321 + -342?
-27
-39 + 43 - (8 - 4 - -5)
-5
Calculate -5 - -14 - (7 + (5 - 8)).
5
What is the value of -4 + 13 - (11 - 3 - -7)?
-6
-13 - (11 + -2 + -16)
-6
What is the value of -2 - -4 - (-9 + 2) - 25?
-16
6 + (-29 - -23) + 28
28
Calculate -8 + 14 - -4 - 6.
4
Evaluate (-77 - -72 - (0 - 8)) + -7 + 4.
0
What is 0 + (-19 - -11) - -3?
-5
What is (8 - (1 - 6 - -2)) + (-1 - -9)?
19
What is the value of 0 + -9 + (413 - 408)?
-4
Calculate (-30 - (-18 - 5)) + (-31 - -4).
-34
Calculate (2 - 1) + -1 + 2 - (955 - 963).
10
Calculate -10 + (18 + (10 - -3) - 4).
17
Evaluate (10 + 0 - 24) + 4.
-10
What is -1 + (-5 - 5) + (-19 - -13)?
-17
Calculate -10 + (-12 - (-7 - 4 - -2)).
-13
Calculate 15 + 7 - (47 - 12).
-13
What is 38 - ((15 - -5) + 17)?
1
What is the value of -19 + 11 + 14 + (3 - (-3 + 6))?
6
What is the value of (1 - (-27 + 27)) + 3?
4
(9 - 17 - -15) + (11 - 19)
-1
0 - -16 - (78 - 64)
2
Evaluate -2 + (-9 - -3 - -11) - (-4 - -3).
4
Evaluate 12 - (5 - (-2 + 5 + -5)) - 10.
-5
What is -14 + (29 + -33 - 6)?
-24
Evaluate -218 + 205 + (39 - -2).
28
Evaluate -12 + 26 + (-9 - -6) + -6.
5
Evaluate (19 + -19 + -16 - 21) + 17.
-20
Evaluate 1 - 17 - (-21 - (-7 - 9)).
-11
What is -18 + (4 + -5 - -2) + 0 + -5?
-22
Calculate (52 + -39 - (3 - 3)) + 11.
24
What is -4 + (3 - 1) + (-406 - -406)?
-2
What is the value of 2 - -1 - (59 + -45)?
-11
What is the value of -23 - (6 + (13 - 50))?
8
Evaluate -71 + 38 + 35 - 15.
-13
What is 6 + -1 + -25 + (14 - 5) + 0?
-11
What is the value of 6 + 4 + (-18 - -21)?
13
19 + 24 + -18 + -33
-8
-1 - (1 + (1 - -2) + 39 + -44)
0
-8 - (14 - 21) - 16
-17
What is -23 + (-65 - -33) + 32?
-23
What is the value of 23 - (-15 - -10) - 12?
16
What is the value of 20 - 1 - (-31 - -12 - -27)?
11
Evaluate 2 + -12 + (9 - 3) - 0 - -21.
17
Calculate -11 + 14 + 1 + 3 + -2.
5
Evaluate -3 + (-5 - 1 - (10 - (-6 + 28))).
3
Evaluate -97 + 90 - (4 - -2) - 4